Let x(z) = z**2 + 4*z - 6. Let f be x(-5). Let d be (-1)/2*(f + -1). Suppose 4 = q + d. Calculate the highest common divisor of 27 and q.
3
Let r be (-5 + -3)/((-4)/18). Calculate the greatest common factor of r and 4.
4
Let t(a) = 2*a**2 + 2*a - 1. Let p be t(-2). Suppose h - p = 6. Suppose -5*l + 188 - 53 = 0. What is the highest common divisor of l and h?
9
Suppose 4*k = 2*o - 172, 4*k - 197 = -5*o + 163. Suppose -37 + 18 = -x. What is the highest common factor of x and o?
19
Suppose 0 = -l - 27 - 29. Let y = -32 - l. Calculate the highest common divisor of y and 8.
8
Let g(m) = -2*m**2 + 95. Let a be g(0). Calculate the highest common divisor of a and 19.
19
Let w be 18/(-12)*(-76)/3. What is the highest common factor of 266 and w?
38
Let z be (0 - -1) + (-2 - -10). Suppose -5 = 5*x - 3*g - 2*g, -4*x + 2*g + 6 = 0. Let i be 9/(x*(-1)/(-44)). What is the greatest common divisor of i and z?
9
Let h(f) = -7*f - 4. Let p be h(-2). Calculate the greatest common divisor of p and 4.
2
Suppose 4*j = t - j - 2, 0 = 4*j. Suppose 0 = t*u + 3*c + 121 - 351, u - 118 = -3*c. Suppose -u = -6*p + 2*p. What is the greatest common divisor of p and 7?
7
Let g = -95 - -63. Let u = -2 - g. What is the highest common factor of 20 and u?
10
Let c be 5/2*48/40. What is the highest common factor of 33 and c?
3
Suppose 8*p + 340 - 2196 = 0. Calculate the greatest common factor of p and 58.
58
Let t be 2 + (0 - -25) + -1. What is the highest common factor of t and 130?
26
Suppose 2*q - q - 325 = -5*n, 5*n - 2*q - 310 = 0. Calculate the greatest common divisor of n and 16.
16
Let h = 34 - 0. Let c = 64 - h. Let x = 172 - 160. What is the greatest common divisor of c and x?
6
Suppose 3*r + 141 = 3*p, -1 = -2*r + r. What is the greatest common divisor of p and 8?
8
Let t = 65 + -9. What is the highest common divisor of 8 and t?
8
Suppose 3*u = -0*u + 1305. Suppose 7*o - 192 = -2*s + 3*o, -5*o = -5*s + u. What is the greatest common divisor of 10 and s?
10
Suppose 2*s - 2*j - 2*j - 22 = 0, 0 = -2*j - 6. Suppose s*m - 190 = -10. Calculate the greatest common factor of 12 and m.
12
Let f(u) = -13*u**3 - 2*u**2 + u + 6. Let h be f(-2). What is the highest common factor of h and 40?
20
Let k be -1*2 + 4 + 73. Suppose 13 = 4*p - k. What is the greatest common factor of p and 66?
22
Let u(p) = -p**3 - 6*p**2 - 7*p - 7. Let s be u(-5). Let q(n) = 3 - 2*n**2 + s*n**2 - 7*n - 1. Let j be q(7). What is the highest common divisor of j and 8?
2
Suppose -2*x = 2*x - 540. Suppose -4*q = -253 + 37. Calculate the greatest common divisor of x and q.
27
Suppose -4*q + 32 = 3*z, -q - q = 5*z - 44. Let x = -7 + 15. What is the highest common divisor of z and x?
8
Let n = -108 + 147. Calculate the highest common factor of 312 and n.
39
Let d(o) = -2*o + 0*o + 3 - o. Let z be d(2). Let q be ((-72)/(-10))/(z/(-20)). Calculate the greatest common divisor of 6 and q.
6
Let v = 6 - -3. Let j(k) = 10*k**2. Let g be j(1). Suppose -g = -3*a + 17. Calculate the highest common divisor of v and a.
9
Let y(u) = -2 - 7*u**2 + 2*u**3 + 1 - u**3 - 6 + 3*u. Let r be y(7). Calculate the highest common factor of r and 98.
14
Let z be -4*2 + (-3 - 0). Let c be 1/3 - (-148)/6. Let w = z + c. Calculate the greatest common divisor of w and 154.
14
Let c = -70 - -223. Calculate the greatest common factor of c and 17.
17
Suppose -4*s + 15 = 3. Calculate the highest common divisor of 15 and s.
3
Let o(r) = -3*r - 9. Let k(x) = -6*x - 17. Let u(w) = 3*k(w) - 5*o(w). Let n be u(-4). What is the highest common divisor of n and 1?
1
Let r(y) = y - 6. Let f be r(6). Let u = 1 + f. Let b be (-1)/((9 + -4)/(-10)) + 7. What is the highest common factor of b and u?
1
Let i be (-3)/(-15) + 1/(-5). Suppose 2*v - v = i. Suppose -n - 2*z = v, 4*z = 3*n - 36 - 4. What is the highest common factor of n and 40?
8
Suppose -4*k = -94 - 38. What is the greatest common factor of k and 363?
33
Let y = 18 + -8. What is the highest common factor of 10 and y?
10
Let f(k) = -k**3 + 9*k**2 - 5 - 10*k + 10 - 1. Let r be f(7). Calculate the greatest common divisor of r and 80.
16
Suppose -2*r + 131 = -n, 181 = 3*r - 5*n - 26. What is the greatest common factor of 8 and r?
8
Let d(i) = i + 3. Let b be d(4). Suppose 3*o - b*o + 984 = 0. Suppose 4*l - 114 = o. Calculate the highest common factor of 10 and l.
10
Let v(k) = 22*k**2 - 2*k - 2. Let m be v(-2). Let x = m - 54. Let y = x + -22. Calculate the greatest common divisor of y and 154.
14
Let r = 5 - 0. Let v be (-22)/(-5) + (-24)/(-40). Suppose -v*j + 0*j - 5*l = -595, 5 = -r*l. Calculate the greatest common divisor of j and 15.
15
Let l = 54 + -29. Let i(k) = k**2 - 4*k + 5. Let a be i(5). Calculate the greatest common divisor of a and l.
5
Suppose -p = 2*p - 129. Suppose 3*i = 7*i - l - 157, -i = l - p. Calculate the highest common divisor of 10 and i.
10
Let i(d) = 26*d. Let g be i(1). Suppose 5*y - 270 = 770. What is the highest common factor of y and g?
26
Suppose 6*q - 172 = 116. What is the greatest common factor of 36 and q?
12
Let x be (1 + -3)/(6/(-27)). Suppose -5*o + 0*o - 2*r + 405 = 0, o - 2*r - 81 = 0. What is the greatest common divisor of o and x?
9
Let k = 7 - 1. Suppose 80 = 2*v + 2*v. Let m = v + -14. What is the highest common divisor of k and m?
6
Let i be 3/(-12) - 9/(-4). Suppose i*t - 7*t = -70. Let x be (15/(-9) + -1)/((-1)/42). Calculate the highest common divisor of t and x.
14
Let w(x) = x. Let n(s) = 9*s + 6. Let k(i) = -n(i) + 4*w(i). Let l be k(-4). What is the highest common factor of l and 28?
14
Let w(a) = 5*a - 4. Suppose 0*v = v - 5. Let h be w(v). Calculate the highest common divisor of 84 and h.
21
Let q = 8 + -14. Let p = -27 - -1. Let n = q - p. Calculate the highest common divisor of n and 30.
10
Suppose 16*c - 653 + 189 = 0. Calculate the greatest common factor of 232 and c.
29
Let q be ((-9)/6)/(-1) + 78/4. Calculate the highest common factor of 168 and q.
21
Suppose 6*a - 4*a - 72 = 0. Let h be (a/(-15))/(1/(-15)). Calculate the highest common divisor of h and 24.
12
Let z be 1*-1*1 - -2. Let n be -1 + -1 + 6/2 + 7. Let r = n - z. Calculate the greatest common factor of 56 and r.
7
Suppose -5*c + 5*m = -155, 5*c - 2*m + 5*m - 171 = 0. Calculate the highest common factor of 363 and c.
33
Suppose -2*q + 6*q - 32 = 0. Calculate the highest common factor of q and 32.
8
Suppose -2*o - 140 = 4*u - 4*o, 3*u - 4*o = -105. Let v = u + 57. Calculate the greatest common divisor of 2 and v.
2
Let o = 13 - 10. Suppose 0 = w + 3*f + 4, -4*w - 5*f = -10 - 2. Suppose -o*l + w = -454. Calculate the highest common factor of l and 14.
14
Let n(i) = -i**3 - 10*i**2 - i - 5. Let v be n(-10). Let b(z) = 3 - v + 4*z**2 - 2*z**2. Let u be b(-2). What is the greatest common factor of 6 and u?
6
Suppose -3*g = -2*g - 3. Suppose 2*h - 56 = -4*c, 25 = h + 6*c - g*c. Calculate the highest common factor of 17 and h.
17
Let z(y) be the second derivative of y**3/6 - 3*y**2/2 + 8*y. Let d be z(4). What is the greatest common factor of 2 and d?
1
Suppose 2*x - 30 = 3*b, -x + b = -b - 14. Let h(m) = -2*m - 12. Let t be h(-9). What is the greatest common divisor of t and x?
6
Suppose 1 = -l - 4*i, -4*l - 4*i = -i + 69. Let d be ((-84)/5)/(l/70). What is the highest common factor of 8 and d?
8
Suppose -3*j + 28 = j. Suppose 4*y + 279 = j*y. What is the greatest common divisor of y and 31?
31
Suppose k - 164 = s - 5*s, 4 = -k. What is the highest common factor of 21 and s?
21
Let t be (-5)/((-10)/22)*2. Calculate the highest common factor of t and 2.
2
Suppose 0*s + 3*s + 93 = 0. Let r = s + 67. Calculate the greatest common divisor of 9 and r.
9
Let h = -34 - -4. Let i(g) = -g**2 + 8*g + 9. Let u be i(14). Let n = h - u. Calculate the greatest common divisor of 5 and n.
5
Let v be -8*(5/(-2) + 1). Let p = 19 - v. Let d = p + -5. What is the highest common factor of 4 and d?
2
Suppose u - 2*u = -4*b + 43, u - 45 = -4*b. Suppose 3*x = -2*x - z + 224, 2*x = 5*z + 68. Calculate the highest common divisor of x and b.
11
Suppose 4*j = -2*f + 254, -3*f + 7*f - 490 = -2*j. Suppose -32 = c - 5*c. Let v(h) = h + 3. Let y be v(c). Calculate the highest common factor of y and f.
11
Suppose 0*u + u - 1 = 0. Calculate the highest common factor of u and 3.
1
Let k(y) = -y**3 + 6*y**2 - 7*y + 